 the hundred thousands digit of 2107180?
1
What is the thousands digit of 3175274?
5
What is the thousands digit of 337906?
7
What is the thousands digit of 2120990?
0
What is the units digit of 8515731?
1
What is the thousands digit of 5448975?
8
What is the thousands digit of 899952?
9
What is the units digit of 3612937?
7
What is the millions digit of 20839684?
0
What is the hundreds digit of 66460?
4
What is the thousands digit of 3957177?
7
What is the millions digit of 2834337?
2
What is the ten thousands digit of 87537?
8
What is the tens digit of 11626748?
4
What is the tens digit of 210386?
8
What is the hundreds digit of 114971?
9
What is the units digit of 593512?
2
What is the ten thousands digit of 2579859?
7
What is the units digit of 649935?
5
What is the hundreds digit of 15608?
6
What is the thousands digit of 184753?
4
What is the tens digit of 33706?
0
What is the thousands digit of 5637?
5
What is the units digit of 107668?
8
What is the thousands digit of 2593139?
3
What is the thousands digit of 51771?
1
What is the tens digit of 48649?
4
What is the thousands digit of 397561?
7
What is the tens digit of 296755?
5
What is the ten thousands digit of 200257?
0
What is the hundred thousands digit of 3998426?
9
What is the millions digit of 10135698?
0
What is the thousands digit of 36804284?
4
What is the tens digit of 3921582?
8
What is the hundreds digit of 977526?
5
What is the units digit of 310644?
4
What is the hundreds digit of 68696?
6
What is the ten thousands digit of 57017?
5
What is the tens digit of 3686789?
8
What is the units digit of 27896793?
3
What is the tens digit of 2125834?
3
What is the tens digit of 2392318?
1
What is the units digit of 1011724?
4
What is the thousands digit of 136699?
6
What is the units digit of 31720802?
2
What is the units digit of 3074053?
3
What is the ten thousands digit of 5693019?
9
What is the units digit of 469069?
9
What is the thousands digit of 16708481?
8
What is the hundreds digit of 345558?
5
What is the hundred thousands digit of 147644?
1
What is the units digit of 8744395?
5
What is the units digit of 86061?
1
What is the units digit of 499211?
1
What is the ten thousands digit of 313280?
1
What is the hundred thousands digit of 127697?
1
What is the ten thousands digit of 190337?
9
What is the hundreds digit of 5841681?
6
What is the thousands digit of 2535705?
5
What is the ten thousands digit of 582286?
8
What is the units digit of 605823?
3
What is the ten thousands digit of 7204141?
0
What is the units digit of 26016003?
3
What is the hundred thousands digit of 6155302?
1
What is the units digit of 11962003?
3
What is the units digit of 5936263?
3
What is the hundreds digit of 3348497?
4
What is the units digit of 944054?
4
What is the thousands digit of 170617?
0
What is the thousands digit of 384492?
4
What is the millions digit of 26743753?
6
What is the thousands digit of 1730536?
0
What is the ten thousands digit of 358751?
5
What is the units digit of 21223366?
6
What is the units digit of 6351264?
4
What is the millions digit of 2569501?
2
What is the hundreds digit of 5967105?
1
What is the ten thousands digit of 139801?
3
What is the tens digit of 520039?
3
What is the tens digit of 172917?
1
What is the hundred thousands digit of 679562?
6
What is the tens digit of 596141?
4
What is the ten thousands digit of 4940733?
4
What is the ten millions digit of 11026402?
1
What is the hundred thousands digit of 423385?
4
What is the hundreds digit of 977753?
7
What is the units digit of 5592632?
2
What is the thousands digit of 297054?
7
What is the hundreds digit of 206490?
4
What is the hundred thousands digit of 1086728?
0
What is the millions digit of 25902522?
5
What is the tens digit of 145820?
2
What is the thousands digit of 3441879?
1
What is the hundred thousands digit of 2368027?
3
What is the tens digit of 36472?
7
What is the hundred thousands digit of 1435830?
4
What is the ten thousands digit of 112807?
1
What is the units digit of 6524351?
1
What is the hundreds digit of 354043?
0
What is the thousands digit of 8850?
8
What is the hundreds digit of 487189?
1
What is the hundred thousands digit of 2708312?
7
What is the units digit of 233758?
8
What is the millions digit of 4503245?
4
What is the hundreds digit of 189130?
1
What is the tens digit of 1130118?
1
What is the units digit of 16943140?
0
What is the hundreds digit of 428098?
0
What is the tens digit of 1517226?
2
What is the millions digit of 18992631?
8
What is the hundred thousands digit of 655642?
6
What is the tens digit of 8012279?
7
What is the millions digit of 1333814?
1
What is the units digit of 296119?
9
What is the units digit of 1633584?
4
What is the hundred thousands digit of 109687?
1
What is the units digit of 433057?
7
What is the units digit of 479510?
0
What is the units digit of 258340?
0
What is the millions digit of 1818873?
1
What is the thousands digit of 5740878?
0
What is the tens digit of 193694?
9
What is the millions digit of 3899892?
3
What is the hundreds digit of 7879994?
9
What is the thousands digit of 213595?
3
What is the tens digit of 177253?
5
What is the millions digit of 1702299?
1
What is the thousands digit of 5823630?
3
What is the thousands digit of 8100168?
0
What is the thousands digit of 5029222?
9
What is the hundreds digit of 854855?
8
What is the hundreds digit of 70655?
6
What is the thousands digit of 16561100?
1
What is the hundreds digit of 125521?
5
What is the tens digit of 1928859?
5
What is the ten thousands digit of 24492?
2
What is the thousands digit of 470670?
0
What is the hundred thousands digit of 10336712?
3
What is the tens digit of 23570271?
7
What is the ten thousands digit of 3009315?
0
What is the hundreds digit of 6686067?
0
What is the thousands digit of 617100?
7
What is the hundred thousands digit of 425287?
4
What is the units digit of 5678124?
4
What is the millions digit of 7780194?
7
What is the units digit of 162381?
1
What is the ten thousands digit of 296903?
9
What is the ten thousands digit of 500720?
0
What is the hundreds digit of 968702?
7
What is the hundreds digit of 752031?
0
What is the hundreds digit of 31068914?
9
What is the thousands digit of 5753672?
3
What is the hundreds digit of 673239?
2
What is the millions digit of 1072951?
1
What is the hundreds digit of 13844598?
5
What is the ten thousands digit of 364193?
6
What is the tens digit of 86277?
7
What is the thousands digit of 195182?
5
What is the thousands digit of 26182?
6
What is the hundred thousands digit of 565358?
5
What is the thousands digit of 60790?
0
What is the hundred thousands digit of 1681960?
6
What is the ten thousands digit of 32362045?
6
What is the ten thousands digit of 8038057?
3
What is the ten thousands digit of 1603146?
0
What is the tens digit of 4489944?
4
What is the tens digit of 33426705?
0
What is the tens digit of 1229903?
0
What is the hundreds digit of 1103571?
5
What is the units digit of 914397?
7
What is the ten thousands digit of 4487403?
8
What is the hundreds digit of 635470?
4
What is the hundred thousands digit of 1047327?
0
What is the hundreds digit of 2282098?
0
What is the thousands digit of 21838200?
8
What is the ten millions digit of 11937980?
1
What is the hundreds digit of 375895?
8
What is the thousands digit of 202773?
2
What is the millions digit of 4124663?
4
What is the hundred thousands digit of 178362?
1
What is the tens digit of 545482?
8
What is the ten millions digit of 24458591?
2
What is the thousands digit of 242632?
2
What is the thousands digit of 11983906?
3
What is the units digit of 692460?
0
What is the tens digit of 2946074?
7
What is the hundred thousands digit of 123254?
1
What is the ten thousands digit of 4667830?
6
What is the ten thousands digit of 1092792?
9
What is the millions digit of 9052532?
9
What is the units digit of 387063?
3
What is the tens digit of 466320?
2
What is the hundred thousands digit of 559927?
5
What is the ten thousands digit of 32456?
3
What is the millions digit of 8632197?
8
What is the tens digit of 97508?
0
What is the hundreds digit of 2251011?
0
What is the thousands digit of 240958?
0
What is the units digit of 292557